Last updated on 2024-08-07 00:49:13 CEST.
Flavor | Version | Tinstall | Tcheck | Ttotal | Status | Flags |
---|---|---|---|---|---|---|
r-devel-linux-x86_64-debian-clang | 0.1.1 | 3.53 | 499.80 | 503.33 | NOTE | |
r-devel-linux-x86_64-debian-gcc | 0.1.1 | 2.43 | 322.19 | 324.62 | NOTE | |
r-devel-linux-x86_64-fedora-clang | 0.1.1 | 950.89 | NOTE | |||
r-devel-linux-x86_64-fedora-gcc | 0.1.1 | 1044.53 | NOTE | |||
r-devel-windows-x86_64 | 0.1.1 | 4.00 | 46.00 | 50.00 | NOTE | --no-examples --no-tests --no-vignettes |
r-patched-linux-x86_64 | 0.1.1 | 3.51 | 508.69 | 512.20 | NOTE | |
r-release-linux-x86_64 | 0.1.1 | 3.33 | 528.24 | 531.57 | NOTE | |
r-release-macos-arm64 | 0.1.1 | 159.00 | NOTE | |||
r-release-macos-x86_64 | 0.1.1 | 442.00 | NOTE | |||
r-release-windows-x86_64 | 0.1.1 | 4.00 | 46.00 | 50.00 | NOTE | --no-examples --no-tests --no-vignettes |
r-oldrel-macos-arm64 | 0.1.1 | 191.00 | NOTE | |||
r-oldrel-macos-x86_64 | 0.1.1 | 350.00 | NOTE | |||
r-oldrel-windows-x86_64 | 0.1.1 | 5.00 | 39.00 | 44.00 | NOTE | --no-examples --no-tests --no-vignettes |
Version: 0.1.1
Check: LazyData
Result: NOTE
'LazyData' is specified without a 'data' directory
Flavors: r-devel-linux-x86_64-debian-clang, r-devel-linux-x86_64-debian-gcc, r-devel-linux-x86_64-fedora-clang, r-devel-linux-x86_64-fedora-gcc, r-patched-linux-x86_64, r-release-linux-x86_64, r-release-macos-arm64, r-release-macos-x86_64, r-oldrel-macos-arm64, r-oldrel-macos-x86_64
Version: 0.1.1
Flags: --no-examples --no-tests --no-vignettes
Check: LazyData
Result: NOTE
'LazyData' is specified without a 'data' directory
Flavors: r-devel-windows-x86_64, r-release-windows-x86_64, r-oldrel-windows-x86_64