Last updated on 2024-08-07 00:49:13 CEST.
Flavor | Version | Tinstall | Tcheck | Ttotal | Status | Flags |
---|---|---|---|---|---|---|
r-devel-linux-x86_64-debian-clang | 0.1.3 | 7.21 | 86.54 | 93.75 | OK | |
r-devel-linux-x86_64-debian-gcc | 0.1.3 | 6.56 | 61.64 | 68.20 | OK | |
r-devel-linux-x86_64-fedora-clang | 0.1.3 | 152.64 | NOTE | |||
r-devel-linux-x86_64-fedora-gcc | 0.1.3 | 156.17 | NOTE | |||
r-devel-windows-x86_64 | 0.1.3 | 11.00 | 99.00 | 110.00 | OK | |
r-patched-linux-x86_64 | 0.1.3 | 8.26 | 82.30 | 90.56 | OK | |
r-release-linux-x86_64 | 0.1.3 | 8.62 | 81.61 | 90.23 | OK | |
r-release-macos-arm64 | 0.1.3 | 48.00 | OK | |||
r-release-macos-x86_64 | 0.1.3 | 77.00 | OK | |||
r-release-windows-x86_64 | 0.1.3 | 12.00 | 99.00 | 111.00 | OK | |
r-oldrel-macos-arm64 | 0.1.3 | 47.00 | OK | |||
r-oldrel-macos-x86_64 | 0.1.3 | 123.00 | OK | |||
r-oldrel-windows-x86_64 | 0.1.3 | 13.00 | 115.00 | 128.00 | OK |
Version: 0.1.3
Check: dependencies in R code
Result: NOTE
Namespace in Imports field not imported from: ‘MPV’
All declared Imports should be used.
Flavors: r-devel-linux-x86_64-fedora-clang, r-devel-linux-x86_64-fedora-gcc