Last updated on 2024-08-07 00:49:14 CEST.
Flavor | Version | Tinstall | Tcheck | Ttotal | Status | Flags |
---|---|---|---|---|---|---|
r-devel-linux-x86_64-debian-clang | 0.2.3 | 7.12 | 101.87 | 108.99 | OK | |
r-devel-linux-x86_64-debian-gcc | 0.2.3 | 5.55 | 70.40 | 75.95 | OK | |
r-devel-linux-x86_64-fedora-clang | 0.2.3 | 176.03 | NOTE | |||
r-devel-linux-x86_64-fedora-gcc | 0.2.3 | 167.37 | NOTE | |||
r-devel-windows-x86_64 | 0.2.3 | 9.00 | 102.00 | 111.00 | OK | |
r-patched-linux-x86_64 | 0.2.3 | 6.91 | 97.18 | 104.09 | OK | |
r-release-linux-x86_64 | 0.2.3 | 6.12 | 97.44 | 103.56 | OK | |
r-release-macos-arm64 | 0.2.3 | 53.00 | OK | |||
r-release-macos-x86_64 | 0.2.3 | 88.00 | OK | |||
r-release-windows-x86_64 | 0.2.3 | 10.00 | 103.00 | 113.00 | OK | |
r-oldrel-macos-arm64 | 0.2.3 | 47.00 | OK | |||
r-oldrel-macos-x86_64 | 0.2.3 | 129.00 | OK | |||
r-oldrel-windows-x86_64 | 0.2.3 | 12.00 | 127.00 | 139.00 | OK |
Version: 0.2.3
Check: data for non-ASCII characters
Result: NOTE
Note: found 14729 marked UTF-8 strings
Flavors: r-devel-linux-x86_64-fedora-clang, r-devel-linux-x86_64-fedora-gcc