Last updated on 2024-08-07 00:49:14 CEST.
Flavor | Version | Tinstall | Tcheck | Ttotal | Status | Flags |
---|---|---|---|---|---|---|
r-devel-linux-x86_64-debian-clang | 0.5.5 | 45.84 | 81.39 | 127.23 | OK | |
r-devel-linux-x86_64-debian-gcc | 0.5.5 | 31.73 | 61.26 | 92.99 | OK | |
r-devel-linux-x86_64-fedora-clang | 0.5.5 | 220.68 | NOTE | |||
r-devel-linux-x86_64-fedora-gcc | 0.5.5 | 238.21 | NOTE | |||
r-devel-windows-x86_64 | 0.5.5 | 48.00 | 111.00 | 159.00 | OK | |
r-patched-linux-x86_64 | 0.5.5 | 40.94 | 77.61 | 118.55 | OK | |
r-release-linux-x86_64 | 0.5.5 | 38.60 | 78.96 | 117.56 | OK | |
r-release-macos-arm64 | 0.5.5 | 65.00 | OK | |||
r-release-macos-x86_64 | 0.5.5 | 85.00 | OK | |||
r-release-windows-x86_64 | 0.5.5 | 48.00 | 112.00 | 160.00 | OK | |
r-oldrel-macos-arm64 | 0.5.5 | 78.00 | OK | |||
r-oldrel-macos-x86_64 | 0.5.5 | 153.00 | OK | |||
r-oldrel-windows-x86_64 | 0.5.5 | 56.00 | 140.00 | 196.00 | OK |
Version: 0.5.5
Check: data for non-ASCII characters
Result: NOTE
Note: found 27 marked UTF-8 strings
Flavors: r-devel-linux-x86_64-fedora-clang, r-devel-linux-x86_64-fedora-gcc