Last updated on 2024-08-07 00:49:14 CEST.
Flavor | Version | Tinstall | Tcheck | Ttotal | Status | Flags |
---|---|---|---|---|---|---|
r-devel-linux-x86_64-debian-clang | 0.9.2 | 6.58 | 140.38 | 146.96 | NOTE | |
r-devel-linux-x86_64-debian-gcc | 0.9.2 | 4.14 | 101.72 | 105.86 | NOTE | |
r-devel-linux-x86_64-fedora-clang | 0.9.2 | 242.95 | NOTE | |||
r-devel-linux-x86_64-fedora-gcc | 0.9.2 | 331.72 | NOTE | |||
r-devel-windows-x86_64 | 0.9.2 | 8.00 | 155.00 | 163.00 | NOTE | |
r-patched-linux-x86_64 | 0.9.2 | 7.23 | 132.17 | 139.40 | NOTE | |
r-release-linux-x86_64 | 0.9.2 | 6.31 | 135.71 | 142.02 | NOTE | |
r-release-macos-arm64 | 0.9.2 | 94.00 | NOTE | |||
r-release-macos-x86_64 | 0.9.2 | 153.00 | NOTE | |||
r-release-windows-x86_64 | 0.9.2 | 8.00 | 160.00 | 168.00 | NOTE | |
r-oldrel-macos-arm64 | 0.9.2 | 97.00 | NOTE | |||
r-oldrel-macos-x86_64 | 0.9.2 | 236.00 | NOTE | |||
r-oldrel-windows-x86_64 | 0.9.2 | 10.00 | 188.00 | 198.00 | NOTE |
Version: 0.9.2
Check: package dependencies
Result: NOTE
Package suggested but not available for checking: ‘userfriendlyscience’
Flavors: r-devel-linux-x86_64-debian-clang, r-devel-linux-x86_64-debian-gcc, r-devel-linux-x86_64-fedora-clang, r-devel-linux-x86_64-fedora-gcc, r-devel-windows-x86_64, r-patched-linux-x86_64, r-release-linux-x86_64, r-release-macos-arm64, r-release-macos-x86_64, r-release-windows-x86_64, r-oldrel-macos-arm64, r-oldrel-macos-x86_64, r-oldrel-windows-x86_64
Version: 0.9.2
Check: dependencies in R code
Result: NOTE
Namespaces in Imports field not imported from:
‘graphics’ ‘jsonlite’ ‘rlang’ ‘tidyselect’ ‘vctrs’
All declared Imports should be used.
Flavors: r-devel-linux-x86_64-fedora-clang, r-devel-linux-x86_64-fedora-gcc
Version: 0.9.2
Check: data for non-ASCII characters
Result: NOTE
Note: found 65 marked UTF-8 strings
Flavors: r-devel-linux-x86_64-fedora-clang, r-devel-linux-x86_64-fedora-gcc