Last updated on 2024-08-07 00:49:14 CEST.
Flavor | Version | Tinstall | Tcheck | Ttotal | Status | Flags |
---|---|---|---|---|---|---|
r-devel-linux-x86_64-debian-clang | 1.1.1 | 8.15 | 211.19 | 219.34 | OK | |
r-devel-linux-x86_64-debian-gcc | 1.1.1 | 5.43 | 148.32 | 153.75 | OK | |
r-devel-linux-x86_64-fedora-clang | 1.1.1 | 362.25 | NOTE | |||
r-devel-linux-x86_64-fedora-gcc | 1.1.1 | 345.30 | NOTE | |||
r-devel-windows-x86_64 | 1.1.1 | 10.00 | 286.00 | 296.00 | OK | |
r-patched-linux-x86_64 | 1.1.1 | 8.30 | 202.20 | 210.50 | OK | |
r-release-linux-x86_64 | 1.1.1 | 7.56 | 202.93 | 210.49 | OK | |
r-release-macos-arm64 | 1.1.1 | 124.00 | OK | |||
r-release-macos-x86_64 | 1.1.1 | 176.00 | OK | |||
r-release-windows-x86_64 | 1.1.1 | 11.00 | 286.00 | 297.00 | OK | |
r-oldrel-macos-arm64 | 1.1.1 | 134.00 | OK | |||
r-oldrel-macos-x86_64 | 1.1.1 | 221.00 | OK | |||
r-oldrel-windows-x86_64 | 1.1.1 | 14.00 | 360.00 | 374.00 | OK |
Version: 1.1.1
Check: data for non-ASCII characters
Result: NOTE
Note: found 89 marked Latin-1 strings
Note: found 1203 marked UTF-8 strings
Flavors: r-devel-linux-x86_64-fedora-clang, r-devel-linux-x86_64-fedora-gcc