Last updated on 2024-08-07 00:49:14 CEST.
Flavor | Version | Tinstall | Tcheck | Ttotal | Status | Flags |
---|---|---|---|---|---|---|
r-devel-linux-x86_64-debian-clang | 1.2.2 | 3.78 | 79.77 | 83.55 | OK | |
r-devel-linux-x86_64-debian-gcc | 1.2.2 | 2.40 | 53.19 | 55.59 | OK | |
r-devel-linux-x86_64-fedora-clang | 1.2.2 | 137.06 | NOTE | |||
r-devel-linux-x86_64-fedora-gcc | 1.2.2 | 142.20 | OK | |||
r-devel-windows-x86_64 | 1.2.2 | 4.00 | 87.00 | 91.00 | OK | |
r-patched-linux-x86_64 | 1.2.2 | 3.85 | 76.20 | 80.05 | OK | |
r-release-linux-x86_64 | 1.2.2 | 3.84 | 77.32 | 81.16 | OK | |
r-release-macos-arm64 | 1.2.2 | 43.00 | OK | |||
r-release-macos-x86_64 | 1.2.2 | 96.00 | OK | |||
r-release-windows-x86_64 | 1.2.2 | 6.00 | 85.00 | 91.00 | OK | |
r-oldrel-macos-arm64 | 1.2.2 | 168.00 | OK | |||
r-oldrel-macos-x86_64 | 1.2.2 | 531.00 | OK | |||
r-oldrel-windows-x86_64 | 1.2.2 | 5.00 | 98.00 | 103.00 | OK |
Version: 1.2.2
Check: Rd cross-references
Result: NOTE
Undeclared package ‘ggplot2’ in Rd xrefs
Flavor: r-devel-linux-x86_64-fedora-clang