Last updated on 2024-08-07 00:49:14 CEST.
Flavor | Version | Tinstall | Tcheck | Ttotal | Status | Flags |
---|---|---|---|---|---|---|
r-devel-linux-x86_64-debian-clang | 0.1.8 | 17.00 | 177.32 | 194.32 | OK | |
r-devel-linux-x86_64-debian-gcc | 0.1.8 | 14.57 | 125.45 | 140.02 | OK | |
r-devel-linux-x86_64-fedora-clang | 0.1.8 | 322.10 | OK | |||
r-devel-linux-x86_64-fedora-gcc | 0.1.8 | 298.77 | OK | |||
r-devel-windows-x86_64 | 0.1.8 | 22.00 | 158.00 | 180.00 | OK | |
r-patched-linux-x86_64 | 0.1.8 | 20.03 | 168.02 | 188.05 | OK | |
r-release-linux-x86_64 | 0.1.8 | 19.67 | 169.32 | 188.99 | OK | |
r-release-macos-arm64 | 0.1.8 | 5.00 | ERROR | |||
r-release-macos-x86_64 | 0.1.8 | 149.00 | OK | |||
r-release-windows-x86_64 | 0.1.8 | 21.00 | 159.00 | 180.00 | OK | |
r-oldrel-macos-arm64 | 0.1.8 | 88.00 | OK | |||
r-oldrel-macos-x86_64 | 0.1.8 | 10.00 | ERROR | |||
r-oldrel-windows-x86_64 | 0.1.8 | 29.00 | 208.00 | 237.00 | OK |
Version: 0.1.8
Check: package dependencies
Result: ERROR
Package required but not available: ‘org.Mm.eg.db’
See section ‘The DESCRIPTION file’ in the ‘Writing R Extensions’
manual.
Flavors: r-release-macos-arm64, r-oldrel-macos-x86_64