Last updated on 2024-08-07 00:49:14 CEST.
Flavor | Version | Tinstall | Tcheck | Ttotal | Status | Flags |
---|---|---|---|---|---|---|
r-devel-linux-x86_64-debian-clang | 2.0-4 | 24.58 | 47.68 | 72.26 | NOTE | |
r-devel-linux-x86_64-debian-gcc | 2.0-4 | 17.44 | 33.97 | 51.41 | NOTE | |
r-devel-linux-x86_64-fedora-clang | 2.0-4 | 125.92 | NOTE | |||
r-devel-linux-x86_64-fedora-gcc | 2.0-4 | 120.92 | NOTE | |||
r-devel-windows-x86_64 | 2.0-4 | 28.00 | 79.00 | 107.00 | NOTE | |
r-patched-linux-x86_64 | 2.0-4 | 20.63 | 45.49 | 66.12 | NOTE | |
r-release-linux-x86_64 | 2.0-4 | 22.38 | 45.78 | 68.16 | NOTE | |
r-release-macos-arm64 | 2.0-4 | 36.00 | NOTE | |||
r-release-macos-x86_64 | 2.0-4 | 56.00 | NOTE | |||
r-release-windows-x86_64 | 2.0-4 | 29.00 | 81.00 | 110.00 | NOTE | |
r-oldrel-macos-arm64 | 2.0-4 | 39.00 | OK | |||
r-oldrel-macos-x86_64 | 2.0-4 | 57.00 | OK | |||
r-oldrel-windows-x86_64 | 2.0-4 | 35.00 | 95.00 | 130.00 | OK |
Version: 2.0-4
Check: Rd files
Result: NOTE
checkRd: (-1) copCAR.Rd:40: Lost braces
40 | item{\code{maxit}}{the maximum number of iterations to be used by \code{\link{optim}} when optimizing the objective function. Defaults to \code{1000}.}
| ^
checkRd: (-1) copCAR.Rd:40: Lost braces
40 | item{\code{maxit}}{the maximum number of iterations to be used by \code{\link{optim}} when optimizing the objective function. Defaults to \code{1000}.}
| ^
Flavors: r-devel-linux-x86_64-debian-clang, r-devel-linux-x86_64-debian-gcc, r-devel-linux-x86_64-fedora-clang, r-devel-linux-x86_64-fedora-gcc, r-devel-windows-x86_64, r-patched-linux-x86_64, r-release-linux-x86_64, r-release-macos-arm64, r-release-macos-x86_64, r-release-windows-x86_64