Last updated on 2024-08-07 00:49:14 CEST.
Flavor | Version | Tinstall | Tcheck | Ttotal | Status | Flags |
---|---|---|---|---|---|---|
r-devel-linux-x86_64-debian-clang | 0.4.4 | 24.48 | 26.53 | 51.01 | NOTE | |
r-devel-linux-x86_64-debian-gcc | 0.4.4 | 20.43 | 22.16 | 42.59 | NOTE | |
r-devel-linux-x86_64-fedora-clang | 0.4.4 | 81.03 | NOTE | |||
r-devel-linux-x86_64-fedora-gcc | 0.4.4 | 98.29 | NOTE | |||
r-devel-windows-x86_64 | 0.4.4 | 36.00 | 56.00 | 92.00 | NOTE | |
r-patched-linux-x86_64 | 0.4.4 | 23.83 | 27.25 | 51.08 | NOTE | |
r-release-linux-x86_64 | 0.4.4 | 25.41 | 27.36 | 52.77 | NOTE | |
r-release-macos-arm64 | 0.4.4 | 28.00 | NOTE | |||
r-release-macos-x86_64 | 0.4.4 | 44.00 | NOTE | |||
r-release-windows-x86_64 | 0.4.4 | 36.00 | 55.00 | 91.00 | NOTE | |
r-oldrel-macos-arm64 | 0.4.4 | 32.00 | NOTE | |||
r-oldrel-macos-x86_64 | 0.4.4 | 45.00 | NOTE | |||
r-oldrel-windows-x86_64 | 0.4.4 | 43.00 | 73.00 | 116.00 | NOTE |
Version: 0.4.4
Check: LazyData
Result: NOTE
'LazyData' is specified without a 'data' directory
Flavors: r-devel-linux-x86_64-debian-clang, r-devel-linux-x86_64-debian-gcc, r-devel-linux-x86_64-fedora-clang, r-devel-linux-x86_64-fedora-gcc, r-devel-windows-x86_64, r-patched-linux-x86_64, r-release-linux-x86_64, r-release-macos-arm64, r-release-macos-x86_64, r-release-windows-x86_64, r-oldrel-macos-arm64, r-oldrel-macos-x86_64, r-oldrel-windows-x86_64
Version: 0.4.4
Check: installed package size
Result: NOTE
installed size is 13.5Mb
sub-directories of 1Mb or more:
libs 13.0Mb
Flavors: r-release-macos-arm64, r-release-macos-x86_64, r-oldrel-macos-arm64, r-oldrel-macos-x86_64