Last updated on 2024-08-07 00:49:14 CEST.
Flavor | Version | Tinstall | Tcheck | Ttotal | Status | Flags |
---|---|---|---|---|---|---|
r-devel-linux-x86_64-debian-clang | 0.1.0 | 2.07 | 57.21 | 59.28 | OK | |
r-devel-linux-x86_64-debian-gcc | 0.1.0 | 1.93 | 40.19 | 42.12 | OK | |
r-devel-linux-x86_64-fedora-clang | 0.1.0 | 92.84 | NOTE | |||
r-devel-linux-x86_64-fedora-gcc | 0.1.0 | 100.94 | NOTE | |||
r-devel-windows-x86_64 | 0.1.0 | 4.00 | 74.00 | 78.00 | OK | |
r-patched-linux-x86_64 | 0.1.0 | 2.44 | 52.88 | 55.32 | OK | |
r-release-linux-x86_64 | 0.1.0 | 1.86 | 53.34 | 55.20 | OK | |
r-release-macos-arm64 | 0.1.0 | 39.00 | OK | |||
r-release-macos-x86_64 | 0.1.0 | 57.00 | OK | |||
r-release-windows-x86_64 | 0.1.0 | 5.00 | 74.00 | 79.00 | OK | |
r-oldrel-macos-arm64 | 0.1.0 | 41.00 | OK | |||
r-oldrel-macos-x86_64 | 0.1.0 | 64.00 | OK | |||
r-oldrel-windows-x86_64 | 0.1.0 | 5.00 | 83.00 | 88.00 | OK |
Version: 0.1.0
Check: dependencies in R code
Result: NOTE
Namespaces in Imports field not imported from:
‘ggplot2’ ‘misc3d’
All declared Imports should be used.
Flavors: r-devel-linux-x86_64-fedora-clang, r-devel-linux-x86_64-fedora-gcc