Last updated on 2024-08-07 00:49:14 CEST.
Flavor | Version | Tinstall | Tcheck | Ttotal | Status | Flags |
---|---|---|---|---|---|---|
r-devel-linux-x86_64-debian-clang | 4.0.3 | 11.01 | 77.93 | 88.94 | OK | |
r-devel-linux-x86_64-debian-gcc | 4.0.3 | 7.66 | 55.33 | 62.99 | OK | |
r-devel-linux-x86_64-fedora-clang | 4.0.3 | 141.09 | NOTE | |||
r-devel-linux-x86_64-fedora-gcc | 4.0.3 | 146.42 | OK | |||
r-devel-windows-x86_64 | 4.0.3 | 14.00 | 96.00 | 110.00 | OK | |
r-patched-linux-x86_64 | 4.0.3 | 10.17 | 71.38 | 81.55 | OK | |
r-release-linux-x86_64 | 4.0.3 | 10.49 | 72.53 | 83.02 | OK | |
r-release-macos-arm64 | 4.0.3 | 50.00 | OK | |||
r-release-macos-x86_64 | 4.0.3 | 70.00 | OK | |||
r-release-windows-x86_64 | 4.0.3 | 14.00 | 97.00 | 111.00 | OK | |
r-oldrel-macos-arm64 | 4.0.3 | 54.00 | OK | |||
r-oldrel-macos-x86_64 | 4.0.3 | 125.00 | OK | |||
r-oldrel-windows-x86_64 | 4.0.3 | 17.00 | 105.00 | 122.00 | OK |
Version: 4.0.3
Check: installed package size
Result: NOTE
installed size is 10.4Mb
sub-directories of 1Mb or more:
libs 9.8Mb
Flavor: r-devel-linux-x86_64-fedora-clang