Last updated on 2024-08-07 00:49:14 CEST.
Flavor | Version | Tinstall | Tcheck | Ttotal | Status | Flags |
---|---|---|---|---|---|---|
r-devel-linux-x86_64-debian-clang | 0.0.3 | 50.31 | 57.45 | 107.76 | NOTE | |
r-devel-linux-x86_64-debian-gcc | 0.0.3 | 34.08 | 39.46 | 73.54 | NOTE | |
r-devel-linux-x86_64-fedora-clang | 0.0.3 | 195.31 | NOTE | |||
r-devel-linux-x86_64-fedora-gcc | 0.0.3 | 201.92 | NOTE | |||
r-devel-windows-x86_64 | 0.0.3 | 56.00 | 94.00 | 150.00 | NOTE | |
r-patched-linux-x86_64 | 0.0.3 | 49.09 | 55.74 | 104.83 | NOTE | |
r-release-linux-x86_64 | 0.0.3 | 50.77 | 55.67 | 106.44 | NOTE | |
r-release-macos-arm64 | 0.0.3 | 50.00 | NOTE | |||
r-release-macos-x86_64 | 0.0.3 | 63.00 | NOTE | |||
r-release-windows-x86_64 | 0.0.3 | 57.00 | 97.00 | 154.00 | NOTE | |
r-oldrel-macos-arm64 | 0.0.3 | 57.00 | NOTE | |||
r-oldrel-macos-x86_64 | 0.0.3 | 84.00 | NOTE | |||
r-oldrel-windows-x86_64 | 0.0.3 | 69.00 | 112.00 | 181.00 | NOTE |
Version: 0.0.3
Check: C++ specification
Result: NOTE
Specified C++11: please drop specification unless essential
Flavors: r-devel-linux-x86_64-debian-clang, r-devel-linux-x86_64-debian-gcc, r-devel-linux-x86_64-fedora-clang, r-devel-linux-x86_64-fedora-gcc, r-devel-windows-x86_64, r-patched-linux-x86_64, r-release-linux-x86_64, r-release-macos-arm64, r-release-macos-x86_64, r-release-windows-x86_64, r-oldrel-macos-arm64, r-oldrel-macos-x86_64, r-oldrel-windows-x86_64