Last updated on 2024-08-07 00:49:14 CEST.
Flavor | Version | Tinstall | Tcheck | Ttotal | Status | Flags |
---|---|---|---|---|---|---|
r-devel-linux-x86_64-debian-clang | 0.2.2 | 7.37 | 78.81 | 86.18 | OK | |
r-devel-linux-x86_64-debian-gcc | 0.2.2 | 4.25 | 56.86 | 61.11 | OK | |
r-devel-linux-x86_64-fedora-clang | 0.2.2 | 139.61 | NOTE | |||
r-devel-linux-x86_64-fedora-gcc | 0.2.2 | 144.31 | OK | |||
r-devel-windows-x86_64 | 0.2.2 | 9.00 | 93.00 | 102.00 | NOTE | |
r-patched-linux-x86_64 | 0.2.2 | 4.80 | 74.47 | 79.27 | OK | |
r-release-linux-x86_64 | 0.2.2 | 6.86 | 76.75 | 83.61 | OK | |
r-release-macos-arm64 | 0.2.2 | 47.00 | NOTE | |||
r-release-macos-x86_64 | 0.2.2 | 70.00 | NOTE | |||
r-release-windows-x86_64 | 0.2.2 | 9.00 | 91.00 | 100.00 | NOTE | |
r-oldrel-macos-arm64 | 0.2.2 | 46.00 | NOTE | |||
r-oldrel-macos-x86_64 | 0.2.2 | 101.00 | NOTE | |||
r-oldrel-windows-x86_64 | 0.2.2 | 12.00 | 108.00 | 120.00 | NOTE |
Version: 0.2.2
Check: installed package size
Result: NOTE
installed size is 6.6Mb
sub-directories of 1Mb or more:
doc 6.4Mb
Flavors: r-devel-linux-x86_64-fedora-clang, r-devel-windows-x86_64, r-release-macos-arm64, r-release-macos-x86_64, r-release-windows-x86_64, r-oldrel-macos-arm64, r-oldrel-macos-x86_64, r-oldrel-windows-x86_64