Last updated on 2024-08-07 00:49:14 CEST.
Flavor | Version | Tinstall | Tcheck | Ttotal | Status | Flags |
---|---|---|---|---|---|---|
r-devel-linux-x86_64-debian-clang | 1.0.3 | 15.27 | 402.97 | 418.24 | OK | |
r-devel-linux-x86_64-debian-gcc | 1.0.3 | 10.52 | 272.52 | 283.04 | OK | |
r-devel-linux-x86_64-fedora-clang | 1.0.3 | 690.05 | NOTE | |||
r-devel-linux-x86_64-fedora-gcc | 1.0.3 | 661.74 | OK | |||
r-devel-windows-x86_64 | 1.0.3 | 18.00 | 329.00 | 347.00 | NOTE | |
r-patched-linux-x86_64 | 1.0.3 | 14.90 | 388.86 | 403.76 | OK | |
r-release-linux-x86_64 | 1.0.3 | 14.54 | 397.66 | 412.20 | OK | |
r-release-macos-arm64 | 1.0.3 | 148.00 | NOTE | |||
r-release-macos-x86_64 | 1.0.3 | 244.00 | NOTE | |||
r-release-windows-x86_64 | 1.0.3 | 19.00 | 329.00 | 348.00 | NOTE | |
r-oldrel-macos-arm64 | 1.0.3 | 128.00 | NOTE | |||
r-oldrel-macos-x86_64 | 1.0.3 | 186.00 | NOTE | |||
r-oldrel-windows-x86_64 | 1.0.3 | 22.00 | 427.00 | 449.00 | NOTE |
Version: 1.0.3
Check: installed package size
Result: NOTE
installed size is 8.2Mb
sub-directories of 1Mb or more:
doc 7.9Mb
Flavors: r-devel-linux-x86_64-fedora-clang, r-devel-windows-x86_64, r-release-macos-arm64, r-release-macos-x86_64, r-release-windows-x86_64, r-oldrel-macos-arm64, r-oldrel-macos-x86_64, r-oldrel-windows-x86_64