Last updated on 2024-08-07 00:49:14 CEST.
Flavor | Version | Tinstall | Tcheck | Ttotal | Status | Flags |
---|---|---|---|---|---|---|
r-devel-linux-x86_64-debian-clang | 1.0.1 | 29.35 | 411.35 | 440.70 | NOTE | |
r-devel-linux-x86_64-debian-gcc | 1.0.1 | 20.05 | 271.30 | 291.35 | NOTE | |
r-devel-linux-x86_64-fedora-clang | 1.0.1 | 731.13 | OK | |||
r-devel-linux-x86_64-fedora-gcc | 1.0.1 | 686.86 | OK | |||
r-devel-windows-x86_64 | 1.0.1 | 96.00 | 505.00 | 601.00 | NOTE | |
r-patched-linux-x86_64 | 1.0.1 | 30.81 | 395.86 | 426.67 | OK | |
r-release-linux-x86_64 | 1.0.1 | 27.38 | 395.86 | 423.24 | OK | |
r-release-macos-arm64 | 1.0.1 | 189.00 | OK | |||
r-release-macos-x86_64 | 1.0.1 | 344.00 | OK | |||
r-release-windows-x86_64 | 1.0.1 | 100.00 | 503.00 | 603.00 | OK | |
r-oldrel-macos-arm64 | 1.0.1 | 209.00 | OK | |||
r-oldrel-macos-x86_64 | 1.0.1 | 6.00 | ERROR | |||
r-oldrel-windows-x86_64 | 1.0.1 | 100.00 | 622.00 | 722.00 | OK |
Version: 1.0.1
Check: Rd cross-references
Result: NOTE
Found the following Rd file(s) with Rd \link{} targets missing package
anchors:
ctpm.fit.Rd: slouch, plot.variogram
variogram.Rd: plot.variogram
Please provide package anchors for all Rd \link{} targets not in the
package itself and the base packages.
Flavors: r-devel-linux-x86_64-debian-clang, r-devel-linux-x86_64-debian-gcc, r-devel-windows-x86_64
Version: 1.0.1
Check: package dependencies
Result: ERROR
Package required but not available: ‘ctmm’
See section ‘The DESCRIPTION file’ in the ‘Writing R Extensions’
manual.
Flavor: r-oldrel-macos-x86_64