Last updated on 2024-08-07 00:49:14 CEST.
Flavor | Version | Tinstall | Tcheck | Ttotal | Status | Flags |
---|---|---|---|---|---|---|
r-devel-linux-x86_64-debian-clang | 0.5.5 | 5.56 | 41.76 | 47.32 | OK | |
r-devel-linux-x86_64-debian-gcc | 0.5.5 | 4.19 | 31.14 | 35.33 | OK | |
r-devel-linux-x86_64-fedora-clang | 0.5.5 | 77.61 | NOTE | |||
r-devel-linux-x86_64-fedora-gcc | 0.5.5 | 85.86 | NOTE | |||
r-devel-windows-x86_64 | 0.5.5 | 8.00 | 70.00 | 78.00 | OK | |
r-patched-linux-x86_64 | 0.5.5 | 5.24 | 39.62 | 44.86 | OK | |
r-release-linux-x86_64 | 0.5.5 | 5.45 | 40.20 | 45.65 | OK | |
r-release-macos-arm64 | 0.5.5 | 32.00 | OK | |||
r-release-macos-x86_64 | 0.5.5 | 49.00 | OK | |||
r-release-windows-x86_64 | 0.5.5 | 8.00 | 63.00 | 71.00 | OK | |
r-oldrel-macos-arm64 | 0.5.5 | 31.00 | OK | |||
r-oldrel-macos-x86_64 | 0.5.5 | 60.00 | OK | |||
r-oldrel-windows-x86_64 | 0.5.5 | 10.00 | 69.00 | 79.00 | OK |
Version: 0.5.5
Check: data for non-ASCII characters
Result: NOTE
Note: found 469 marked UTF-8 strings
Flavors: r-devel-linux-x86_64-fedora-clang, r-devel-linux-x86_64-fedora-gcc