Last updated on 2024-08-07 00:49:14 CEST.
Flavor | Version | Tinstall | Tcheck | Ttotal | Status | Flags |
---|---|---|---|---|---|---|
r-devel-linux-x86_64-debian-clang | 0.1.1 | 85.70 | 22.97 | 108.67 | NOTE | |
r-devel-linux-x86_64-debian-gcc | 0.1.1 | 52.59 | 17.63 | 70.22 | NOTE | |
r-devel-linux-x86_64-fedora-clang | 0.1.1 | 223.12 | NOTE | |||
r-devel-linux-x86_64-fedora-gcc | 0.1.1 | 223.31 | NOTE | |||
r-devel-windows-x86_64 | 0.1.1 | 91.00 | 63.00 | 154.00 | NOTE | |
r-patched-linux-x86_64 | 0.1.1 | 72.15 | 22.06 | 94.21 | NOTE | |
r-release-linux-x86_64 | 0.1.1 | 74.99 | 22.17 | 97.16 | NOTE | |
r-release-macos-arm64 | 0.1.1 | 52.00 | NOTE | |||
r-release-macos-x86_64 | 0.1.1 | 48.00 | NOTE | |||
r-release-windows-x86_64 | 0.1.1 | 91.00 | 66.00 | 157.00 | NOTE | |
r-oldrel-macos-arm64 | 0.1.1 | 61.00 | NOTE | |||
r-oldrel-macos-x86_64 | 0.1.1 | 101.00 | NOTE | |||
r-oldrel-windows-x86_64 | 0.1.1 | 107.00 | 67.00 | 174.00 | NOTE |
Version: 0.1.1
Check: LazyData
Result: NOTE
'LazyData' is specified without a 'data' directory
Flavors: r-devel-linux-x86_64-debian-clang, r-devel-linux-x86_64-debian-gcc, r-devel-linux-x86_64-fedora-clang, r-devel-linux-x86_64-fedora-gcc, r-devel-windows-x86_64, r-patched-linux-x86_64, r-release-linux-x86_64, r-release-macos-arm64, r-release-macos-x86_64, r-release-windows-x86_64, r-oldrel-macos-arm64, r-oldrel-macos-x86_64, r-oldrel-windows-x86_64