Last updated on 2024-08-07 00:49:14 CEST.
Flavor | Version | Tinstall | Tcheck | Ttotal | Status | Flags |
---|---|---|---|---|---|---|
r-devel-linux-x86_64-debian-clang | 1.114 | 20.14 | 204.55 | 224.69 | NOTE | |
r-devel-linux-x86_64-debian-gcc | 1.114 | 13.26 | 141.71 | 154.97 | NOTE | |
r-devel-linux-x86_64-fedora-clang | 1.114 | 387.60 | OK | |||
r-devel-linux-x86_64-fedora-gcc | 1.114 | 348.66 | OK | |||
r-devel-windows-x86_64 | 1.114 | 20.00 | 201.00 | 221.00 | NOTE | |
r-patched-linux-x86_64 | 1.114 | 24.28 | 194.30 | 218.58 | OK | |
r-release-linux-x86_64 | 1.114 | 15.40 | 196.08 | 211.48 | OK | |
r-release-macos-arm64 | 1.114 | 69.00 | OK | |||
r-release-macos-x86_64 | 1.114 | 139.00 | OK | |||
r-release-windows-x86_64 | 1.114 | 18.00 | 202.00 | 220.00 | OK | |
r-oldrel-macos-arm64 | 1.114 | 77.00 | OK | |||
r-oldrel-macos-x86_64 | 1.114 | 133.00 | OK | |||
r-oldrel-windows-x86_64 | 1.114 | 28.00 | 258.00 | 286.00 | OK |
Version: 1.114
Check: Rd cross-references
Result: NOTE
Found the following Rd file(s) with Rd \link{} targets missing package
anchors:
plot_cashflow.Rd: ggplot2
Please provide package anchors for all Rd \link{} targets not in the
package itself and the base packages.
Flavors: r-devel-linux-x86_64-debian-clang, r-devel-linux-x86_64-debian-gcc, r-devel-windows-x86_64