Last updated on 2024-08-07 00:49:15 CEST.
Flavor | Version | Tinstall | Tcheck | Ttotal | Status | Flags |
---|---|---|---|---|---|---|
r-devel-linux-x86_64-debian-clang | 1.0-2.2 | 166.53 | 126.43 | 292.96 | NOTE | |
r-devel-linux-x86_64-debian-gcc | 1.0-2.2 | 132.59 | 102.32 | 234.91 | NOTE | |
r-devel-linux-x86_64-fedora-clang | 1.0-2.2 | 500.91 | NOTE | |||
r-devel-linux-x86_64-fedora-gcc | 1.0-2.2 | 579.22 | NOTE | |||
r-devel-windows-x86_64 | 1.0-2.2 | 166.00 | 165.00 | 331.00 | NOTE | |
r-patched-linux-x86_64 | 1.0-2.2 | 164.37 | 132.18 | 296.55 | NOTE | |
r-release-linux-x86_64 | 1.0-2.2 | 174.59 | 132.09 | 306.68 | NOTE | |
r-release-macos-arm64 | 1.0-2.2 | 123.00 | NOTE | |||
r-release-macos-x86_64 | 1.0-2.2 | 185.00 | NOTE | |||
r-release-windows-x86_64 | 1.0-2.2 | 170.00 | 161.00 | 331.00 | NOTE | |
r-oldrel-macos-arm64 | 1.0-2.2 | 134.00 | NOTE | |||
r-oldrel-macos-x86_64 | 1.0-2.2 | 206.00 | NOTE | |||
r-oldrel-windows-x86_64 | 1.0-2.2 | 214.00 | 191.00 | 405.00 | NOTE |
Version: 1.0-2.2
Check: for GNU extensions in Makefiles
Result: NOTE
GNU make is a SystemRequirements.
Flavors: r-devel-linux-x86_64-debian-clang, r-devel-linux-x86_64-debian-gcc, r-devel-linux-x86_64-fedora-clang, r-devel-linux-x86_64-fedora-gcc, r-devel-windows-x86_64, r-patched-linux-x86_64, r-release-linux-x86_64, r-release-macos-arm64, r-release-macos-x86_64, r-release-windows-x86_64, r-oldrel-macos-arm64, r-oldrel-macos-x86_64, r-oldrel-windows-x86_64
Version: 1.0-2.2
Check: installed package size
Result: NOTE
installed size is 44.7Mb
sub-directories of 1Mb or more:
doc 1.9Mb
libs 42.5Mb
Flavors: r-release-macos-arm64, r-release-macos-x86_64, r-oldrel-macos-arm64, r-oldrel-macos-x86_64