Last updated on 2024-08-07 00:49:15 CEST.
Flavor | Version | Tinstall | Tcheck | Ttotal | Status | Flags |
---|---|---|---|---|---|---|
r-devel-linux-x86_64-debian-clang | 0.3.0 | 41.11 | 28.33 | 69.44 | OK | |
r-devel-linux-x86_64-debian-gcc | 0.3.0 | 26.68 | 22.26 | 48.94 | OK | |
r-devel-linux-x86_64-fedora-clang | 0.3.0 | 120.46 | OK | |||
r-devel-linux-x86_64-fedora-gcc | 0.3.0 | 131.90 | OK | |||
r-devel-windows-x86_64 | 0.3.0 | 41.00 | 73.00 | 114.00 | OK | |
r-patched-linux-x86_64 | 0.3.0 | 39.84 | 27.91 | 67.75 | OK | |
r-release-linux-x86_64 | 0.3.0 | 37.91 | 27.41 | 65.32 | OK | |
r-release-macos-arm64 | 0.3.0 | 36.00 | NOTE | |||
r-release-macos-x86_64 | 0.3.0 | 83.00 | NOTE | |||
r-release-windows-x86_64 | 0.3.0 | 40.00 | 67.00 | 107.00 | OK | |
r-oldrel-macos-arm64 | 0.3.0 | 35.00 | NOTE | |||
r-oldrel-macos-x86_64 | 0.3.0 | 76.00 | NOTE | |||
r-oldrel-windows-x86_64 | 0.3.0 | 48.00 | 78.00 | 126.00 | OK |
Version: 0.3.0
Check: installed package size
Result: NOTE
installed size is 5.8Mb
sub-directories of 1Mb or more:
libs 5.7Mb
Flavors: r-release-macos-arm64, r-release-macos-x86_64, r-oldrel-macos-arm64, r-oldrel-macos-x86_64