Last updated on 2024-08-07 00:49:15 CEST.
Flavor | Version | Tinstall | Tcheck | Ttotal | Status | Flags |
---|---|---|---|---|---|---|
r-devel-linux-x86_64-debian-clang | 0.3.5 | 15.26 | 112.49 | 127.75 | NOTE | |
r-devel-linux-x86_64-debian-gcc | 0.3.5 | 11.30 | 79.95 | 91.25 | NOTE | |
r-devel-linux-x86_64-fedora-clang | 0.3.5 | 215.45 | OK | |||
r-devel-linux-x86_64-fedora-gcc | 0.3.5 | 207.93 | OK | |||
r-devel-windows-x86_64 | 0.3.5 | 16.00 | 136.00 | 152.00 | NOTE | |
r-patched-linux-x86_64 | 0.3.5 | 13.38 | 106.15 | 119.53 | OK | |
r-release-linux-x86_64 | 0.3.5 | 13.27 | 107.08 | 120.35 | OK | |
r-release-macos-arm64 | 0.3.5 | 66.00 | OK | |||
r-release-macos-x86_64 | 0.3.5 | 108.00 | OK | |||
r-release-windows-x86_64 | 0.3.5 | 20.00 | 137.00 | 157.00 | OK | |
r-oldrel-macos-arm64 | 0.3.5 | 77.00 | OK | |||
r-oldrel-macos-x86_64 | 0.3.5 | 116.00 | OK | |||
r-oldrel-windows-x86_64 | 0.3.5 | 20.00 | 165.00 | 185.00 | OK |
Version: 0.3.5
Check: Rd cross-references
Result: NOTE
Found the following Rd file(s) with Rd \link{} targets missing package
anchors:
diffChr.Rd: style, num_colors
diffCsv.Rd: style, num_colors
diffDeparse.Rd: style, num_colors
diffFile.Rd: style, num_colors
diffPrint.Rd: style, num_colors
diffStr.Rd: style, num_colors
Please provide package anchors for all Rd \link{} targets not in the
package itself and the base packages.
Flavors: r-devel-linux-x86_64-debian-clang, r-devel-linux-x86_64-debian-gcc, r-devel-windows-x86_64