Last updated on 2024-08-08 08:49:13 CEST.
Flavor | Version | Tinstall | Tcheck | Ttotal | Status | Flags |
---|---|---|---|---|---|---|
r-devel-linux-x86_64-debian-clang | 2.9.2 | 26.42 | 84.02 | 110.44 | NOTE | |
r-devel-linux-x86_64-debian-gcc | 2.9.2 | 17.36 | 56.19 | 73.55 | NOTE | |
r-devel-linux-x86_64-fedora-clang | 2.9.2 | 193.14 | NOTE | |||
r-devel-linux-x86_64-fedora-gcc | 2.9.2 | 173.72 | OK | |||
r-devel-windows-x86_64 | 2.9.2 | 28.00 | 115.00 | 143.00 | NOTE | |
r-patched-linux-x86_64 | 2.9.2 | 30.06 | 81.24 | 111.30 | OK | |
r-release-linux-x86_64 | 2.9.2 | 25.43 | 80.86 | 106.29 | OK | |
r-release-macos-arm64 | 2.9.2 | 49.00 | OK | |||
r-release-macos-x86_64 | 2.9.2 | 76.00 | OK | |||
r-release-windows-x86_64 | 2.9.2 | 30.00 | 113.00 | 143.00 | OK | |
r-oldrel-macos-arm64 | 2.9.2 | 60.00 | OK | |||
r-oldrel-macos-x86_64 | 2.9.2 | 142.00 | OK | |||
r-oldrel-windows-x86_64 | 2.9.2 | 31.00 | 132.00 | 163.00 | OK |
Version: 2.9.2
Check: Rd cross-references
Result: NOTE
Found the following Rd file(s) with Rd \link{} targets missing package
anchors:
EmpiricalMVDistribution.Rd: DiscreteDistribution
Please provide package anchors for all Rd \link{} targets not in the
package itself and the base packages.
Flavors: r-devel-linux-x86_64-debian-clang, r-devel-linux-x86_64-debian-gcc, r-devel-windows-x86_64
Version: 2.9.2
Check: Rd cross-references
Result: NOTE
Undeclared package ‘robustbase’ in Rd xrefs
Flavor: r-devel-linux-x86_64-fedora-clang