Last updated on 2024-08-07 00:49:15 CEST.
Flavor | Version | Tinstall | Tcheck | Ttotal | Status | Flags |
---|---|---|---|---|---|---|
r-devel-linux-x86_64-debian-clang | 0.4.0 | 106.08 | 93.80 | 199.88 | NOTE | |
r-devel-linux-x86_64-debian-gcc | 0.4.0 | 76.25 | 67.22 | 143.47 | NOTE | |
r-devel-linux-x86_64-fedora-clang | 0.4.0 | 395.10 | NOTE | |||
r-devel-linux-x86_64-fedora-gcc | 0.4.0 | 392.29 | NOTE | |||
r-devel-windows-x86_64 | 0.4.0 | 118.00 | 128.00 | 246.00 | NOTE | |
r-patched-linux-x86_64 | 0.4.0 | 104.75 | 90.79 | 195.54 | NOTE | |
r-release-linux-x86_64 | 0.4.0 | 105.01 | 92.25 | 197.26 | NOTE | |
r-release-macos-arm64 | 0.4.0 | 89.00 | NOTE | |||
r-release-macos-x86_64 | 0.4.0 | 116.00 | NOTE | |||
r-release-windows-x86_64 | 0.4.0 | 119.00 | 126.00 | 245.00 | NOTE | |
r-oldrel-macos-arm64 | 0.4.0 | 107.00 | NOTE | |||
r-oldrel-macos-x86_64 | 0.4.0 | 172.00 | NOTE | |||
r-oldrel-windows-x86_64 | 0.4.0 | 145.00 | 149.00 | 294.00 | NOTE |
Version: 0.4.0
Check: package dependencies
Result: NOTE
Package suggested but not available for checking: ‘BOLTSSIRR’
Flavors: r-devel-linux-x86_64-debian-clang, r-devel-linux-x86_64-debian-gcc, r-devel-linux-x86_64-fedora-clang, r-devel-linux-x86_64-fedora-gcc, r-devel-windows-x86_64, r-patched-linux-x86_64, r-release-linux-x86_64, r-release-macos-arm64, r-release-macos-x86_64, r-release-windows-x86_64, r-oldrel-macos-arm64, r-oldrel-macos-x86_64, r-oldrel-windows-x86_64
Version: 0.4.0
Check: installed package size
Result: NOTE
installed size is 9.3Mb
sub-directories of 1Mb or more:
libs 8.9Mb
Flavors: r-release-macos-arm64, r-release-macos-x86_64, r-oldrel-macos-arm64, r-oldrel-macos-x86_64