Last updated on 2024-08-07 00:49:15 CEST.
Flavor | Version | Tinstall | Tcheck | Ttotal | Status | Flags |
---|---|---|---|---|---|---|
r-devel-linux-x86_64-debian-clang | 0.2.1 | 64.89 | 23.54 | 88.43 | NOTE | |
r-devel-linux-x86_64-debian-gcc | 0.2.1 | 44.18 | 18.60 | 62.78 | NOTE | |
r-devel-linux-x86_64-fedora-clang | 0.2.1 | 196.12 | NOTE | |||
r-devel-linux-x86_64-fedora-gcc | 0.2.1 | 185.73 | NOTE | |||
r-devel-windows-x86_64 | 0.2.1 | 69.00 | 60.00 | 129.00 | NOTE | |
r-patched-linux-x86_64 | 0.2.1 | 60.01 | 22.79 | 82.80 | NOTE | |
r-release-linux-x86_64 | 0.2.1 | 63.39 | 23.14 | 86.53 | NOTE | |
r-release-macos-arm64 | 0.2.1 | 44.00 | NOTE | |||
r-release-macos-x86_64 | 0.2.1 | 47.00 | NOTE | |||
r-release-windows-x86_64 | 0.2.1 | 68.00 | 61.00 | 129.00 | NOTE | |
r-oldrel-macos-arm64 | 0.2.1 | 57.00 | NOTE | |||
r-oldrel-macos-x86_64 | 0.2.1 | 96.00 | NOTE | |||
r-oldrel-windows-x86_64 | 0.2.1 | 63.00 | 67.00 | 130.00 | NOTE |
Version: 0.2.1
Check: LazyData
Result: NOTE
'LazyData' is specified without a 'data' directory
Flavors: r-devel-linux-x86_64-debian-clang, r-devel-linux-x86_64-debian-gcc, r-devel-linux-x86_64-fedora-clang, r-devel-linux-x86_64-fedora-gcc, r-devel-windows-x86_64, r-patched-linux-x86_64, r-release-linux-x86_64, r-release-macos-arm64, r-release-macos-x86_64, r-release-windows-x86_64, r-oldrel-macos-arm64, r-oldrel-macos-x86_64, r-oldrel-windows-x86_64