Last updated on 2024-08-07 00:49:15 CEST.
Flavor | Version | Tinstall | Tcheck | Ttotal | Status | Flags |
---|---|---|---|---|---|---|
r-devel-linux-x86_64-debian-clang | 2.1.0 | 5.82 | 94.54 | 100.36 | NOTE | |
r-devel-linux-x86_64-debian-gcc | 2.1.0 | 4.04 | 65.72 | 69.76 | NOTE | |
r-devel-linux-x86_64-fedora-clang | 2.1.0 | 175.13 | OK | |||
r-devel-linux-x86_64-fedora-gcc | 2.1.0 | 168.74 | OK | |||
r-devel-windows-x86_64 | 2.1.0 | 8.00 | 112.00 | 120.00 | NOTE | |
r-patched-linux-x86_64 | 2.1.0 | 5.94 | 89.79 | 95.73 | OK | |
r-release-linux-x86_64 | 2.1.0 | 5.24 | 92.66 | 97.90 | OK | |
r-release-macos-arm64 | 2.1.0 | 53.00 | OK | |||
r-release-macos-x86_64 | 2.1.0 | 79.00 | OK | |||
r-release-windows-x86_64 | 2.1.0 | 9.00 | 114.00 | 123.00 | OK | |
r-oldrel-macos-arm64 | 2.1.0 | 62.00 | OK | |||
r-oldrel-macos-x86_64 | 2.1.0 | 97.00 | OK | |||
r-oldrel-windows-x86_64 | 2.1.0 | 10.00 | 129.00 | 139.00 | OK |
Version: 2.1.0
Check: Rd cross-references
Result: NOTE
Found the following Rd file(s) with Rd \link{} targets missing package
anchors:
bootAverageDominanceAnalysis.Rd: boot
Please provide package anchors for all Rd \link{} targets not in the
package itself and the base packages.
Flavors: r-devel-linux-x86_64-debian-clang, r-devel-linux-x86_64-debian-gcc, r-devel-windows-x86_64