Last updated on 2024-08-07 00:49:15 CEST.
Flavor | Version | Tinstall | Tcheck | Ttotal | Status | Flags |
---|---|---|---|---|---|---|
r-devel-linux-x86_64-debian-clang | 0.2.6 | 115.31 | 23.87 | 139.18 | OK | |
r-devel-linux-x86_64-debian-gcc | 0.2.6 | 77.43 | 19.01 | 96.44 | OK | |
r-devel-linux-x86_64-fedora-clang | 0.2.6 | 328.29 | OK | |||
r-devel-linux-x86_64-fedora-gcc | 0.2.6 | 290.91 | OK | |||
r-devel-windows-x86_64 | 0.2.6 | 126.00 | 68.00 | 194.00 | OK | |
r-patched-linux-x86_64 | 0.2.6 | 104.99 | 23.22 | 128.21 | OK | |
r-release-linux-x86_64 | 0.2.6 | 107.59 | 23.09 | 130.68 | OK | |
r-release-macos-arm64 | 0.2.6 | 58.00 | NOTE | |||
r-release-macos-x86_64 | 0.2.6 | 56.00 | NOTE | |||
r-release-windows-x86_64 | 0.2.6 | 127.00 | 67.00 | 194.00 | OK | |
r-oldrel-macos-arm64 | 0.2.6 | 70.00 | NOTE | |||
r-oldrel-macos-x86_64 | 0.2.6 | 123.00 | NOTE | |||
r-oldrel-windows-x86_64 | 0.2.6 | 117.00 | 75.00 | 192.00 | OK |
Version: 0.2.6
Check: installed package size
Result: NOTE
installed size is 12.4Mb
sub-directories of 1Mb or more:
libs 12.2Mb
Flavors: r-release-macos-arm64, r-release-macos-x86_64, r-oldrel-macos-arm64, r-oldrel-macos-x86_64