Last updated on 2024-08-07 00:49:15 CEST.
Flavor | Version | Tinstall | Tcheck | Ttotal | Status | Flags |
---|---|---|---|---|---|---|
r-devel-linux-x86_64-debian-clang | 0.1 | 145.84 | 74.92 | 220.76 | OK | |
r-devel-linux-x86_64-debian-gcc | 0.1 | 95.09 | 53.08 | 148.17 | OK | |
r-devel-linux-x86_64-fedora-clang | 0.1 | 439.88 | OK | |||
r-devel-linux-x86_64-fedora-gcc | 0.1 | 450.10 | OK | |||
r-devel-windows-x86_64 | 0.1 | 141.00 | 109.00 | 250.00 | OK | |
r-patched-linux-x86_64 | 0.1 | 134.06 | 70.46 | 204.52 | OK | |
r-release-linux-x86_64 | 0.1 | 137.55 | 71.71 | 209.26 | OK | |
r-release-macos-arm64 | 0.1 | 76.00 | NOTE | |||
r-release-macos-x86_64 | 0.1 | 103.00 | NOTE | |||
r-release-windows-x86_64 | 0.1 | 141.00 | 108.00 | 249.00 | OK | |
r-oldrel-macos-arm64 | 0.1 | 95.00 | NOTE | |||
r-oldrel-macos-x86_64 | 0.1 | 109.00 | NOTE | |||
r-oldrel-windows-x86_64 | 0.1 | 134.00 | 129.00 | 263.00 | OK |
Version: 0.1
Check: installed package size
Result: NOTE
installed size is 9.4Mb
sub-directories of 1Mb or more:
libs 9.2Mb
Flavors: r-release-macos-arm64, r-release-macos-x86_64, r-oldrel-macos-arm64, r-oldrel-macos-x86_64