Last updated on 2024-08-07 00:49:15 CEST.
Flavor | Version | Tinstall | Tcheck | Ttotal | Status | Flags |
---|---|---|---|---|---|---|
r-devel-linux-x86_64-debian-clang | 0.3.3 | 9.32 | 24.51 | 33.83 | NOTE | |
r-devel-linux-x86_64-debian-gcc | 0.3.3 | 6.83 | 19.10 | 25.93 | NOTE | |
r-devel-linux-x86_64-fedora-clang | 0.3.3 | 63.93 | NOTE | |||
r-devel-linux-x86_64-fedora-gcc | 0.3.3 | 56.98 | NOTE | |||
r-devel-windows-x86_64 | 0.3.3 | 13.00 | 60.00 | 73.00 | NOTE | |
r-patched-linux-x86_64 | 0.3.3 | 9.29 | 23.42 | 32.71 | NOTE | |
r-release-linux-x86_64 | 0.3.3 | 9.29 | 23.43 | 32.72 | NOTE | |
r-release-macos-arm64 | 0.3.3 | 23.00 | NOTE | |||
r-release-macos-x86_64 | 0.3.3 | 31.00 | NOTE | |||
r-release-windows-x86_64 | 0.3.3 | 13.00 | 61.00 | 74.00 | NOTE | |
r-oldrel-macos-arm64 | 0.3.3 | 26.00 | NOTE | |||
r-oldrel-macos-x86_64 | 0.3.3 | 37.00 | NOTE | |||
r-oldrel-windows-x86_64 | 0.3.3 | 16.00 | 67.00 | 83.00 | NOTE |
Version: 0.3.3
Check: C++ specification
Result: NOTE
Specified C++11: please drop specification unless essential
Flavors: r-devel-linux-x86_64-debian-clang, r-devel-linux-x86_64-debian-gcc, r-devel-linux-x86_64-fedora-clang, r-devel-linux-x86_64-fedora-gcc, r-devel-windows-x86_64, r-patched-linux-x86_64, r-release-linux-x86_64, r-release-macos-arm64, r-release-macos-x86_64, r-release-windows-x86_64, r-oldrel-macos-arm64, r-oldrel-macos-x86_64, r-oldrel-windows-x86_64