Last updated on 2024-08-07 00:49:15 CEST.
Flavor | Version | Tinstall | Tcheck | Ttotal | Status | Flags |
---|---|---|---|---|---|---|
r-devel-linux-x86_64-debian-clang | 0.2.3 | 6.53 | 96.46 | 102.99 | OK | |
r-devel-linux-x86_64-debian-gcc | 0.2.3 | 4.65 | 61.59 | 66.24 | OK | |
r-devel-linux-x86_64-fedora-clang | 0.2.3 | 166.75 | NOTE | |||
r-devel-linux-x86_64-fedora-gcc | 0.2.3 | 153.89 | NOTE | |||
r-devel-windows-x86_64 | 0.2.3 | 10.00 | 106.00 | 116.00 | OK | |
r-patched-linux-x86_64 | 0.2.3 | 7.48 | 91.47 | 98.95 | OK | |
r-release-linux-x86_64 | 0.2.3 | 7.14 | 91.68 | 98.82 | OK | |
r-release-macos-arm64 | 0.2.3 | 82.00 | OK | |||
r-release-macos-x86_64 | 0.2.3 | 181.00 | OK | |||
r-release-windows-x86_64 | 0.2.3 | 11.00 | 108.00 | 119.00 | OK | |
r-oldrel-macos-arm64 | 0.2.3 | 10.00 | ERROR | |||
r-oldrel-macos-x86_64 | 0.2.3 | 11.00 | ERROR | |||
r-oldrel-windows-x86_64 | 0.2.3 | 12.00 | 132.00 | 144.00 | OK |
Version: 0.2.3
Check: data for non-ASCII characters
Result: NOTE
Note: found 2 marked UTF-8 strings
Flavors: r-devel-linux-x86_64-fedora-clang, r-devel-linux-x86_64-fedora-gcc
Version: 0.2.3
Check: package dependencies
Result: ERROR
Package required but not available: ‘HDF5Array’
See section ‘The DESCRIPTION file’ in the ‘Writing R Extensions’
manual.
Flavors: r-oldrel-macos-arm64, r-oldrel-macos-x86_64