Last updated on 2024-08-07 00:49:15 CEST.
Flavor | Version | Tinstall | Tcheck | Ttotal | Status | Flags |
---|---|---|---|---|---|---|
r-devel-linux-x86_64-debian-clang | 0.1.3 | 43.88 | 336.36 | 380.24 | OK | |
r-devel-linux-x86_64-debian-gcc | 0.1.3 | 28.29 | 214.76 | 243.05 | OK | |
r-devel-linux-x86_64-fedora-clang | 0.1.3 | 615.82 | NOTE | |||
r-devel-linux-x86_64-fedora-gcc | 0.1.3 | 581.47 | NOTE | |||
r-devel-windows-x86_64 | 0.1.3 | 36.00 | 282.00 | 318.00 | OK | |
r-patched-linux-x86_64 | 0.1.3 | 38.30 | 318.24 | 356.54 | OK | |
r-release-linux-x86_64 | 0.1.3 | 37.48 | 318.49 | 355.97 | OK | |
r-release-macos-arm64 | 0.1.3 | 147.00 | OK | |||
r-release-macos-x86_64 | 0.1.3 | 213.00 | OK | |||
r-release-windows-x86_64 | 0.1.3 | 38.00 | 280.00 | 318.00 | OK | |
r-oldrel-macos-arm64 | 0.1.3 | 130.00 | OK | |||
r-oldrel-macos-x86_64 | 0.1.3 | 364.00 | OK | |||
r-oldrel-windows-x86_64 | 0.1.3 | 54.00 | 376.00 | 430.00 | OK |
Version: 0.1.3
Check: data for non-ASCII characters
Result: NOTE
Note: found 1281 marked UTF-8 strings
Flavors: r-devel-linux-x86_64-fedora-clang, r-devel-linux-x86_64-fedora-gcc