Last updated on 2024-08-07 00:49:15 CEST.
Flavor | Version | Tinstall | Tcheck | Ttotal | Status | Flags |
---|---|---|---|---|---|---|
r-devel-linux-x86_64-debian-clang | 0.4.2 | 23.18 | 77.49 | 100.67 | OK | |
r-devel-linux-x86_64-debian-gcc | 0.4.2 | 17.48 | 54.70 | 72.18 | OK | |
r-devel-linux-x86_64-fedora-clang | 0.4.2 | 165.77 | NOTE | |||
r-devel-linux-x86_64-fedora-gcc | 0.4.2 | 164.73 | NOTE | |||
r-devel-windows-x86_64 | 0.4.2 | 26.00 | 97.00 | 123.00 | OK | |
r-patched-linux-x86_64 | 0.4.2 | 22.47 | 73.54 | 96.01 | OK | |
r-release-linux-x86_64 | 0.4.2 | 21.95 | 73.46 | 95.41 | OK | |
r-release-macos-arm64 | 0.4.2 | 47.00 | OK | |||
r-release-macos-x86_64 | 0.4.2 | 65.00 | OK | |||
r-release-windows-x86_64 | 0.4.2 | 28.00 | 100.00 | 128.00 | OK | |
r-oldrel-macos-arm64 | 0.4.2 | 54.00 | OK | |||
r-oldrel-macos-x86_64 | 0.4.2 | 116.00 | OK | |||
r-oldrel-windows-x86_64 | 0.4.2 | 30.00 | 126.00 | 156.00 | OK |
Version: 0.4.2
Check: data for non-ASCII characters
Result: NOTE
Note: found 22 marked UTF-8 strings
Flavors: r-devel-linux-x86_64-fedora-clang, r-devel-linux-x86_64-fedora-gcc