Last updated on 2024-08-07 00:49:15 CEST.
Flavor | Version | Tinstall | Tcheck | Ttotal | Status | Flags |
---|---|---|---|---|---|---|
r-devel-linux-x86_64-debian-clang | 1.2.0 | 80.23 | 68.75 | 148.98 | OK | |
r-devel-linux-x86_64-debian-gcc | 1.2.0 | 62.89 | 52.36 | 115.25 | OK | |
r-devel-linux-x86_64-fedora-clang | 1.2.0 | 227.02 | OK | |||
r-devel-linux-x86_64-fedora-gcc | 1.2.0 | 280.27 | OK | |||
r-devel-windows-x86_64 | 1.2.0 | 74.00 | 95.00 | 169.00 | NOTE | |
r-patched-linux-x86_64 | 1.2.0 | 82.20 | 68.69 | 150.89 | OK | |
r-release-linux-x86_64 | 1.2.0 | 81.09 | 69.35 | 150.44 | OK | |
r-release-macos-arm64 | 1.2.0 | 63.00 | NOTE | |||
r-release-macos-x86_64 | 1.2.0 | 104.00 | NOTE | |||
r-release-windows-x86_64 | 1.2.0 | 81.00 | 94.00 | 175.00 | NOTE | |
r-oldrel-macos-arm64 | 1.2.0 | 74.00 | NOTE | |||
r-oldrel-macos-x86_64 | 1.2.0 | 111.00 | NOTE | |||
r-oldrel-windows-x86_64 | 1.2.0 | 90.00 | 122.00 | 212.00 | NOTE |
Version: 1.2.0
Check: installed package size
Result: NOTE
installed size is 12.6Mb
sub-directories of 1Mb or more:
libs 12.5Mb
Flavors: r-devel-windows-x86_64, r-release-macos-arm64, r-release-macos-x86_64, r-release-windows-x86_64, r-oldrel-macos-arm64, r-oldrel-macos-x86_64, r-oldrel-windows-x86_64