Last updated on 2024-08-07 00:49:15 CEST.
Flavor | Version | Tinstall | Tcheck | Ttotal | Status | Flags |
---|---|---|---|---|---|---|
r-devel-linux-x86_64-debian-clang | 0.8.9 | 7.70 | 295.65 | 303.35 | OK | |
r-devel-linux-x86_64-debian-gcc | 0.8.9 | 6.28 | 199.81 | 206.09 | OK | |
r-devel-linux-x86_64-fedora-clang | 0.8.9 | 502.86 | OK | |||
r-devel-linux-x86_64-fedora-gcc | 0.8.9 | 492.23 | OK | |||
r-devel-windows-x86_64 | 0.8.9 | 15.00 | 274.00 | 289.00 | OK | |
r-patched-linux-x86_64 | 0.8.9 | 11.54 | 281.01 | 292.55 | OK | |
r-release-linux-x86_64 | 0.8.9 | 8.86 | 282.38 | 291.24 | OK | |
r-release-macos-arm64 | 0.8.9 | 159.00 | OK | |||
r-release-macos-x86_64 | 0.8.9 | 385.00 | OK | |||
r-release-windows-x86_64 | 0.8.9 | 15.00 | 271.00 | 286.00 | OK | |
r-oldrel-macos-arm64 | 0.8.9 | 10.00 | ERROR | |||
r-oldrel-macos-x86_64 | 0.8.9 | 11.00 | ERROR | |||
r-oldrel-windows-x86_64 | 0.8.9 | 18.00 | 339.00 | 357.00 | OK |
Version: 0.8.9
Check: package dependencies
Result: ERROR
Package required and available but unsuitable version: ‘datawizard’
See section ‘The DESCRIPTION file’ in the ‘Writing R Extensions’
manual.
Flavors: r-oldrel-macos-arm64, r-oldrel-macos-x86_64