Last updated on 2024-08-07 00:49:15 CEST.
Flavor | Version | Tinstall | Tcheck | Ttotal | Status | Flags |
---|---|---|---|---|---|---|
r-devel-linux-x86_64-debian-clang | 0.1.7 | 12.83 | 133.31 | 146.14 | NOTE | |
r-devel-linux-x86_64-debian-gcc | 0.1.7 | 8.01 | 95.23 | 103.24 | NOTE | |
r-devel-linux-x86_64-fedora-clang | 0.1.7 | 239.58 | NOTE | |||
r-devel-linux-x86_64-fedora-gcc | 0.1.7 | 240.74 | NOTE | |||
r-devel-windows-x86_64 | 0.1.7 | 14.00 | 134.00 | 148.00 | NOTE | |
r-patched-linux-x86_64 | 0.1.7 | 9.74 | 129.78 | 139.52 | NOTE | |
r-release-linux-x86_64 | 0.1.7 | 12.00 | 131.16 | 143.16 | NOTE | |
r-release-macos-arm64 | 0.1.7 | 74.00 | NOTE | |||
r-release-macos-x86_64 | 0.1.7 | 104.00 | NOTE | |||
r-release-windows-x86_64 | 0.1.7 | 13.00 | 133.00 | 146.00 | NOTE | |
r-oldrel-macos-arm64 | 0.1.7 | 80.00 | OK | |||
r-oldrel-macos-x86_64 | 0.1.7 | 143.00 | OK | |||
r-oldrel-windows-x86_64 | 0.1.7 | 18.00 | 163.00 | 181.00 | OK |
Version: 0.1.7
Check: Rd files
Result: NOTE
checkRd: (-1) fit_mean.Rd:54: Lost braces
54 | \code{t_optims}{optimal parametrizations}
| ^
checkRd: (-1) fit_mean.Rd:55: Lost braces
55 | \code{G_optims}{optimal rotations}
| ^
checkRd: (-1) fit_mean.Rd:56: Lost braces
56 | \code{b_optims}{optimal scalings}
| ^
checkRd: (-1) fit_mean.Rd:57: Lost braces
57 | \code{n_optims}{optimal re-normalization}
| ^
checkRd: (-1) fit_mean.Rd:58: Lost braces
58 | \code{n_iter}{number of iterations until convergence}
| ^
Flavors: r-devel-linux-x86_64-debian-clang, r-devel-linux-x86_64-debian-gcc, r-devel-linux-x86_64-fedora-clang, r-devel-linux-x86_64-fedora-gcc, r-devel-windows-x86_64, r-patched-linux-x86_64, r-release-linux-x86_64, r-release-macos-arm64, r-release-macos-x86_64, r-release-windows-x86_64