Last updated on 2024-08-13 17:48:13 CEST.
Flavor | Version | Tinstall | Tcheck | Ttotal | Status | Flags |
---|---|---|---|---|---|---|
r-devel-linux-x86_64-debian-clang | 9.1 | 21.55 | 117.63 | 139.18 | OK | |
r-devel-linux-x86_64-debian-gcc | 9.1 | 14.51 | 80.59 | 95.10 | OK | |
r-devel-linux-x86_64-fedora-clang | 9.1 | 222.56 | NOTE | |||
r-devel-linux-x86_64-fedora-gcc | 9.1 | 207.48 | NOTE | |||
r-devel-windows-x86_64 | 9.1 | 23.00 | 145.00 | 168.00 | OK | |
r-patched-linux-x86_64 | 9.1 | 21.91 | 113.42 | 135.33 | OK | |
r-release-linux-x86_64 | 9.1 | 19.21 | 111.86 | 131.07 | OK | |
r-release-macos-arm64 | 9.1 | 89.00 | OK | |||
r-release-macos-x86_64 | 9.1 | 128.00 | OK | |||
r-release-windows-x86_64 | 9.1 | 25.00 | 145.00 | 170.00 | OK | |
r-oldrel-macos-arm64 | 9.1 | 102.00 | OK | |||
r-oldrel-macos-x86_64 | 9.1 | 172.00 | OK | |||
r-oldrel-windows-x86_64 | 9.1 | 29.00 | 177.00 | 206.00 | OK |
Version: 9.1
Check: data for non-ASCII characters
Result: NOTE
Note: found 155 marked UTF-8 strings
Flavors: r-devel-linux-x86_64-fedora-clang, r-devel-linux-x86_64-fedora-gcc