Last updated on 2024-08-07 00:49:16 CEST.
Flavor | Version | Tinstall | Tcheck | Ttotal | Status | Flags |
---|---|---|---|---|---|---|
r-devel-linux-x86_64-debian-clang | 0.4.0 | 4.51 | 49.66 | 54.17 | NOTE | |
r-devel-linux-x86_64-debian-gcc | 0.4.0 | 3.29 | 36.83 | 40.12 | NOTE | |
r-devel-linux-x86_64-fedora-clang | 0.4.0 | 88.91 | OK | |||
r-devel-linux-x86_64-fedora-gcc | 0.4.0 | 97.98 | OK | |||
r-devel-windows-x86_64 | 0.4.0 | 6.00 | 68.00 | 74.00 | NOTE | |
r-patched-linux-x86_64 | 0.4.0 | 9.00 | 46.59 | 55.59 | OK | |
r-release-linux-x86_64 | 0.4.0 | 3.83 | 48.15 | 51.98 | OK | |
r-release-macos-arm64 | 0.4.0 | 37.00 | OK | |||
r-release-macos-x86_64 | 0.4.0 | 53.00 | OK | |||
r-release-windows-x86_64 | 0.4.0 | 6.00 | 67.00 | 73.00 | OK | |
r-oldrel-macos-arm64 | 0.4.0 | 38.00 | OK | |||
r-oldrel-macos-x86_64 | 0.4.0 | 54.00 | OK | |||
r-oldrel-windows-x86_64 | 0.4.0 | 7.00 | 76.00 | 83.00 | OK |
Version: 0.4.0
Check: Rd cross-references
Result: NOTE
Found the following Rd file(s) with Rd \link{} targets missing package
anchors:
fit_disc_gamma.Rd: distcrete
gamma_tools.Rd: distcrete
Please provide package anchors for all Rd \link{} targets not in the
package itself and the base packages.
Flavors: r-devel-linux-x86_64-debian-clang, r-devel-linux-x86_64-debian-gcc, r-devel-windows-x86_64