Last updated on 2024-08-07 00:49:16 CEST.
Flavor | Version | Tinstall | Tcheck | Ttotal | Status | Flags |
---|---|---|---|---|---|---|
r-devel-linux-x86_64-debian-clang | 0.1.4 | 11.01 | 83.39 | 94.40 | NOTE | |
r-devel-linux-x86_64-debian-gcc | 0.1.4 | 7.09 | 59.39 | 66.48 | NOTE | |
r-devel-linux-x86_64-fedora-clang | 0.1.4 | 153.11 | OK | |||
r-devel-linux-x86_64-fedora-gcc | 0.1.4 | 160.66 | OK | |||
r-devel-windows-x86_64 | 0.1.4 | 13.00 | 103.00 | 116.00 | NOTE | |
r-patched-linux-x86_64 | 0.1.4 | 14.97 | 77.77 | 92.74 | OK | |
r-release-linux-x86_64 | 0.1.4 | 10.61 | 79.50 | 90.11 | OK | |
r-release-macos-arm64 | 0.1.4 | 56.00 | OK | |||
r-release-macos-x86_64 | 0.1.4 | 84.00 | OK | |||
r-release-windows-x86_64 | 0.1.4 | 14.00 | 104.00 | 118.00 | OK | |
r-oldrel-macos-arm64 | 0.1.4 | 60.00 | OK | |||
r-oldrel-macos-x86_64 | 0.1.4 | 117.00 | OK | |||
r-oldrel-windows-x86_64 | 0.1.4 | 16.00 | 119.00 | 135.00 | OK |
Version: 0.1.4
Check: Rd cross-references
Result: NOTE
Found the following Rd file(s) with Rd \link{} targets missing package
anchors:
Cmip6Dict.Rd: data.table
summary_database.Rd: data.table
Please provide package anchors for all Rd \link{} targets not in the
package itself and the base packages.
Flavors: r-devel-linux-x86_64-debian-clang, r-devel-linux-x86_64-debian-gcc, r-devel-windows-x86_64