Last updated on 2024-08-07 00:49:16 CEST.
Flavor | Version | Tinstall | Tcheck | Ttotal | Status | Flags |
---|---|---|---|---|---|---|
r-devel-linux-x86_64-debian-clang | 2.0.1 | 18.19 | 151.61 | 169.80 | OK | |
r-devel-linux-x86_64-debian-gcc | 2.0.1 | 13.26 | 104.46 | 117.72 | OK | |
r-devel-linux-x86_64-fedora-clang | 2.0.1 | 279.11 | OK | |||
r-devel-linux-x86_64-fedora-gcc | 2.0.1 | 280.41 | OK | |||
r-devel-windows-x86_64 | 2.0.1 | 21.00 | 162.00 | 183.00 | OK | |
r-patched-linux-x86_64 | 2.0.1 | 17.29 | 139.59 | 156.88 | OK | |
r-release-linux-x86_64 | 2.0.1 | 18.02 | 142.19 | 160.21 | OK | |
r-release-macos-arm64 | 2.0.1 | 61.00 | NOTE | |||
r-release-macos-x86_64 | 2.0.1 | 132.00 | OK | |||
r-release-windows-x86_64 | 2.0.1 | 21.00 | 160.00 | 181.00 | OK | |
r-oldrel-macos-arm64 | 2.0.1 | 71.00 | NOTE | |||
r-oldrel-macos-x86_64 | 2.0.1 | 112.00 | NOTE | |||
r-oldrel-windows-x86_64 | 2.0.1 | 26.00 | 192.00 | 218.00 | OK |
Version: 2.0.1
Check: package dependencies
Result: NOTE
Package suggested but not available for checking: ‘gcspikelite’
Flavor: r-release-macos-arm64
Version: 2.0.1
Check: package dependencies
Result: NOTE
Packages suggested but not available for checking: 'mzR', 'gcspikelite'
Flavors: r-oldrel-macos-arm64, r-oldrel-macos-x86_64