Last updated on 2024-08-07 00:49:16 CEST.
Flavor | Version | Tinstall | Tcheck | Ttotal | Status | Flags |
---|---|---|---|---|---|---|
r-devel-linux-x86_64-debian-clang | 1.2.33 | 2.98 | 27.54 | 30.52 | OK | |
r-devel-linux-x86_64-debian-gcc | 1.2.33 | 2.30 | 22.03 | 24.33 | OK | |
r-devel-linux-x86_64-fedora-clang | 1.2.33 | 48.93 | NOTE | |||
r-devel-linux-x86_64-fedora-gcc | 1.2.33 | 47.40 | NOTE | |||
r-devel-windows-x86_64 | 1.2.33 | 4.00 | 63.00 | 67.00 | OK | |
r-patched-linux-x86_64 | 1.2.33 | 3.20 | 26.74 | 29.94 | OK | |
r-release-linux-x86_64 | 1.2.33 | 2.86 | 26.76 | 29.62 | OK | |
r-release-macos-arm64 | 1.2.33 | 25.00 | OK | |||
r-release-macos-x86_64 | 1.2.33 | 33.00 | OK | |||
r-release-windows-x86_64 | 1.2.33 | 5.00 | 57.00 | 62.00 | OK | |
r-oldrel-macos-arm64 | 1.2.33 | 24.00 | OK | |||
r-oldrel-macos-x86_64 | 1.2.33 | 32.00 | OK | |||
r-oldrel-windows-x86_64 | 1.2.33 | 5.00 | 66.00 | 71.00 | OK |
Version: 1.2.33
Check: data for non-ASCII characters
Result: NOTE
Note: found 10 marked UTF-8 strings
Flavors: r-devel-linux-x86_64-fedora-clang, r-devel-linux-x86_64-fedora-gcc