Last updated on 2024-08-07 00:49:16 CEST.
Flavor | Version | Tinstall | Tcheck | Ttotal | Status | Flags |
---|---|---|---|---|---|---|
r-devel-linux-x86_64-debian-clang | 1.6.9 | 7.99 | 86.76 | 94.75 | NOTE | |
r-devel-linux-x86_64-debian-gcc | 1.6.9 | 5.01 | 58.77 | 63.78 | NOTE | |
r-devel-linux-x86_64-fedora-clang | 1.6.9 | 154.25 | OK | |||
r-devel-linux-x86_64-fedora-gcc | 1.6.9 | 158.11 | OK | |||
r-devel-windows-x86_64 | 1.6.9 | 9.00 | 142.00 | 151.00 | NOTE | |
r-patched-linux-x86_64 | 1.6.9 | 12.80 | 83.26 | 96.06 | OK | |
r-release-linux-x86_64 | 1.6.9 | 7.78 | 83.21 | 90.99 | OK | |
r-release-macos-arm64 | 1.6.9 | 52.00 | OK | |||
r-release-macos-x86_64 | 1.6.9 | 86.00 | OK | |||
r-release-windows-x86_64 | 1.6.9 | 10.00 | 142.00 | 152.00 | OK | |
r-oldrel-macos-arm64 | 1.6.9 | 56.00 | OK | |||
r-oldrel-macos-x86_64 | 1.6.9 | 112.00 | OK | |||
r-oldrel-windows-x86_64 | 1.6.9 | 12.00 | 142.00 | 154.00 | OK |
Version: 1.6.9
Check: Rd cross-references
Result: NOTE
Found the following Rd file(s) with Rd \link{} targets missing package
anchors:
power2x2.Rd: uniroot.integer, ss.nonadh
unirootGrid.Rd: uniroot.integer
Please provide package anchors for all Rd \link{} targets not in the
package itself and the base packages.
Flavors: r-devel-linux-x86_64-debian-clang, r-devel-linux-x86_64-debian-gcc, r-devel-windows-x86_64