Last updated on 2024-08-07 00:49:16 CEST.
Flavor | Version | Tinstall | Tcheck | Ttotal | Status | Flags |
---|---|---|---|---|---|---|
r-devel-linux-x86_64-debian-clang | 1.4-4 | 3.89 | 38.97 | 42.86 | NOTE | |
r-devel-linux-x86_64-debian-gcc | 1.4-4 | 3.00 | 29.10 | 32.10 | NOTE | |
r-devel-linux-x86_64-fedora-clang | 1.4-4 | 70.28 | OK | |||
r-devel-linux-x86_64-fedora-gcc | 1.4-4 | 79.55 | OK | |||
r-devel-windows-x86_64 | 1.4-4 | 5.00 | 65.00 | 70.00 | NOTE | |
r-patched-linux-x86_64 | 1.4-4 | 10.11 | 37.35 | 47.46 | OK | |
r-release-linux-x86_64 | 1.4-4 | 4.02 | 37.43 | 41.45 | OK | |
r-release-macos-arm64 | 1.4-4 | 31.00 | OK | |||
r-release-macos-x86_64 | 1.4-4 | 49.00 | OK | |||
r-release-windows-x86_64 | 1.4-4 | 5.00 | 66.00 | 71.00 | OK | |
r-oldrel-macos-arm64 | 1.4-4 | 31.00 | OK | |||
r-oldrel-macos-x86_64 | 1.4-4 | 65.00 | OK | |||
r-oldrel-windows-x86_64 | 1.4-4 | 6.00 | 68.00 | 74.00 | OK |
Version: 1.4-4
Check: Rd cross-references
Result: NOTE
Found the following Rd file(s) with Rd \link{} targets missing package
anchors:
powerBinom.Rd: uniroot.integer
Please provide package anchors for all Rd \link{} targets not in the
package itself and the base packages.
Flavors: r-devel-linux-x86_64-debian-clang, r-devel-linux-x86_64-debian-gcc, r-devel-windows-x86_64