Last updated on 2024-08-07 00:49:16 CEST.
Flavor | Version | Tinstall | Tcheck | Ttotal | Status | Flags |
---|---|---|---|---|---|---|
r-devel-linux-x86_64-debian-clang | 1.0.10 | 17.34 | 114.59 | 131.93 | OK | |
r-devel-linux-x86_64-debian-gcc | 1.0.10 | 12.54 | 81.18 | 93.72 | OK | |
r-devel-linux-x86_64-fedora-clang | 1.0.10 | 219.94 | NOTE | |||
r-devel-linux-x86_64-fedora-gcc | 1.0.10 | 217.28 | NOTE | |||
r-devel-windows-x86_64 | 1.0.10 | 20.00 | 161.00 | 181.00 | OK | |
r-patched-linux-x86_64 | 1.0.10 | 19.86 | 110.65 | 130.51 | OK | |
r-release-linux-x86_64 | 1.0.10 | 16.03 | 109.90 | 125.93 | OK | |
r-release-macos-arm64 | 1.0.10 | 77.00 | OK | |||
r-release-macos-x86_64 | 1.0.10 | 195.00 | OK | |||
r-release-windows-x86_64 | 1.0.10 | 21.00 | 160.00 | 181.00 | OK | |
r-oldrel-macos-arm64 | 1.0.10 | 90.00 | OK | |||
r-oldrel-macos-x86_64 | 1.0.10 | 142.00 | OK | |||
r-oldrel-windows-x86_64 | 1.0.10 | 25.00 | 186.00 | 211.00 | OK |
Version: 1.0.10
Check: Rd cross-references
Result: NOTE
Undeclared package ‘hunspell’ in Rd xrefs
Flavor: r-devel-linux-x86_64-fedora-clang
Version: 1.0.10
Check: data for non-ASCII characters
Result: NOTE
Note: found 12 marked UTF-8 strings
Flavors: r-devel-linux-x86_64-fedora-clang, r-devel-linux-x86_64-fedora-gcc