Last updated on 2024-08-07 00:49:16 CEST.
Flavor | Version | Tinstall | Tcheck | Ttotal | Status | Flags |
---|---|---|---|---|---|---|
r-devel-windows-x86_64 | 0.9.13 | 23.00 | 61.00 | 84.00 | OK | |
r-release-windows-x86_64 | 0.9.13 | 24.00 | 59.00 | 83.00 | OK | |
r-oldrel-macos-x86_64 | 0.9.10 | 7.00 | ERROR | |||
r-oldrel-windows-x86_64 | 0.9.13 | 21.00 | 80.00 | 101.00 | OK |
Version: 0.9.10
Check: PDF version of manual
Result: WARN
LaTeX errors when creating PDF version.
This typically indicates Rd problems.
Flavor: r-oldrel-macos-x86_64
Version: 0.9.10
Check: PDF version of manual without index
Result: ERROR
Re-running with no redirection of stdout/stderr.
Flavor: r-oldrel-macos-x86_64