Last updated on 2024-08-07 00:49:16 CEST.
Flavor | Version | Tinstall | Tcheck | Ttotal | Status | Flags |
---|---|---|---|---|---|---|
r-devel-linux-x86_64-debian-clang | 2.0 | 27.53 | 216.22 | 243.75 | OK | |
r-devel-linux-x86_64-debian-gcc | 2.0 | 18.41 | 132.71 | 151.12 | OK | |
r-devel-linux-x86_64-fedora-clang | 2.0 | 396.22 | NOTE | |||
r-devel-linux-x86_64-fedora-gcc | 2.0 | 366.76 | NOTE | |||
r-devel-windows-x86_64 | 2.0 | 24.00 | 170.00 | 194.00 | OK | |
r-patched-linux-x86_64 | 2.0 | 24.87 | 201.53 | 226.40 | OK | |
r-release-linux-x86_64 | 2.0 | 23.65 | 203.57 | 227.22 | OK | |
r-release-macos-arm64 | 2.0 | 84.00 | OK | |||
r-release-macos-x86_64 | 2.0 | 129.00 | OK | |||
r-release-windows-x86_64 | 2.0 | 24.00 | 169.00 | 193.00 | OK | |
r-oldrel-macos-arm64 | 2.0 | 84.00 | OK | |||
r-oldrel-macos-x86_64 | 2.0 | 210.00 | OK | |||
r-oldrel-windows-x86_64 | 2.0 | 35.00 | 231.00 | 266.00 | OK |
Version: 2.0
Check: data for non-ASCII characters
Result: NOTE
Note: found 1 marked UTF-8 string
Flavors: r-devel-linux-x86_64-fedora-clang, r-devel-linux-x86_64-fedora-gcc