Last updated on 2024-08-07 00:49:16 CEST.
Flavor | Version | Tinstall | Tcheck | Ttotal | Status | Flags |
---|---|---|---|---|---|---|
r-devel-linux-x86_64-debian-clang | 0.2.4 | 2.22 | 39.56 | 41.78 | NOTE | |
r-devel-linux-x86_64-debian-gcc | 0.2.4 | 1.70 | 30.13 | 31.83 | NOTE | |
r-devel-linux-x86_64-fedora-clang | 0.2.4 | 69.51 | NOTE | |||
r-devel-linux-x86_64-fedora-gcc | 0.2.4 | 77.46 | NOTE | |||
r-devel-windows-x86_64 | 0.2.4 | 4.00 | 57.00 | 61.00 | NOTE | |
r-patched-linux-x86_64 | 0.2.4 | 1.90 | 37.40 | 39.30 | NOTE | |
r-release-linux-x86_64 | 0.2.4 | 2.01 | 37.76 | 39.77 | NOTE | |
r-release-macos-arm64 | 0.2.4 | 27.00 | NOTE | |||
r-release-macos-x86_64 | 0.2.4 | 46.00 | NOTE | |||
r-release-windows-x86_64 | 0.2.4 | 5.00 | 57.00 | 62.00 | NOTE | |
r-oldrel-macos-arm64 | 0.2.4 | 29.00 | NOTE | |||
r-oldrel-macos-x86_64 | 0.2.4 | 41.00 | NOTE | |||
r-oldrel-windows-x86_64 | 0.2.4 | 4.00 | 62.00 | 66.00 | NOTE |
Version: 0.2.4
Check: LazyData
Result: NOTE
'LazyData' is specified without a 'data' directory
Flavors: r-devel-linux-x86_64-debian-clang, r-devel-linux-x86_64-debian-gcc, r-devel-linux-x86_64-fedora-clang, r-devel-linux-x86_64-fedora-gcc, r-devel-windows-x86_64, r-patched-linux-x86_64, r-release-linux-x86_64, r-release-macos-arm64, r-release-macos-x86_64, r-release-windows-x86_64, r-oldrel-macos-arm64, r-oldrel-macos-x86_64, r-oldrel-windows-x86_64