Last updated on 2024-08-07 00:49:16 CEST.
Flavor | Version | Tinstall | Tcheck | Ttotal | Status | Flags |
---|---|---|---|---|---|---|
r-devel-linux-x86_64-debian-clang | 0.3.4 | 19.03 | 147.95 | 166.98 | OK | |
r-devel-linux-x86_64-debian-gcc | 0.3.4 | 15.06 | 103.12 | 118.18 | OK | |
r-devel-linux-x86_64-fedora-clang | 0.3.4 | 285.13 | NOTE | |||
r-devel-linux-x86_64-fedora-gcc | 0.3.4 | 287.28 | OK | |||
r-devel-windows-x86_64 | 0.3.4 | 29.00 | 190.00 | 219.00 | OK | |
r-patched-linux-x86_64 | 0.3.4 | 21.40 | 144.43 | 165.83 | OK | |
r-release-linux-x86_64 | 0.3.4 | 22.00 | 144.43 | 166.43 | OK | |
r-release-macos-arm64 | 0.3.4 | 78.00 | OK | |||
r-release-macos-x86_64 | 0.3.4 | 121.00 | OK | |||
r-release-windows-x86_64 | 0.3.4 | 30.00 | 188.00 | 218.00 | OK | |
r-oldrel-macos-arm64 | 0.3.4 | 83.00 | OK | |||
r-oldrel-macos-x86_64 | 0.3.4 | 181.00 | OK | |||
r-oldrel-windows-x86_64 | 0.3.4 | 33.00 | 228.00 | 261.00 | OK |
Version: 0.3.4
Check: Rd cross-references
Result: NOTE
Undeclared package ‘lmtest’ in Rd xrefs
Flavor: r-devel-linux-x86_64-fedora-clang