Last updated on 2024-08-07 00:49:16 CEST.
Flavor | Version | Tinstall | Tcheck | Ttotal | Status | Flags |
---|---|---|---|---|---|---|
r-devel-linux-x86_64-debian-clang | 0.0-4 | 25.65 | 25.34 | 50.99 | OK | |
r-devel-linux-x86_64-debian-gcc | 0.0-4 | 15.08 | 19.61 | 34.69 | OK | |
r-devel-linux-x86_64-fedora-clang | 0.0-4 | 80.83 | NOTE | |||
r-devel-linux-x86_64-fedora-gcc | 0.0-4 | 86.44 | OK | |||
r-devel-windows-x86_64 | 0.0-4 | 26.00 | 70.00 | 96.00 | OK | |
r-patched-linux-x86_64 | 0.0-4 | 19.96 | 24.64 | 44.60 | OK | |
r-release-linux-x86_64 | 0.0-4 | 21.73 | 24.59 | 46.32 | OK | |
r-release-macos-arm64 | 0.0-4 | 28.00 | OK | |||
r-release-macos-x86_64 | 0.0-4 | 57.00 | OK | |||
r-release-windows-x86_64 | 0.0-4 | 25.00 | 71.00 | 96.00 | OK | |
r-oldrel-macos-arm64 | 0.0-4 | 32.00 | OK | |||
r-oldrel-macos-x86_64 | 0.0-4 | 46.00 | OK | |||
r-oldrel-windows-x86_64 | 0.0-4 | 30.00 | 77.00 | 107.00 | OK |
Version: 0.0-4
Check: Rd cross-references
Result: NOTE
Undeclared packages ‘ICSNP’, ‘ICS’ in Rd xrefs
Flavor: r-devel-linux-x86_64-fedora-clang