Last updated on 2024-08-07 00:49:16 CEST.
Flavor | Version | Tinstall | Tcheck | Ttotal | Status | Flags |
---|---|---|---|---|---|---|
r-devel-linux-x86_64-debian-clang | 0.1.1 | 64.89 | 109.53 | 174.42 | NOTE | |
r-devel-linux-x86_64-debian-gcc | 0.1.1 | 42.87 | 111.92 | 154.79 | NOTE | |
r-devel-linux-x86_64-fedora-clang | 0.1.1 | 335.47 | NOTE | |||
r-devel-linux-x86_64-fedora-gcc | 0.1.1 | 334.67 | NOTE | |||
r-devel-windows-x86_64 | 0.1.1 | 72.00 | 151.00 | 223.00 | NOTE | |
r-patched-linux-x86_64 | 0.1.1 | 54.08 | 135.09 | 189.17 | NOTE | |
r-release-linux-x86_64 | 0.1.1 | 58.58 | 135.75 | 194.33 | NOTE | |
r-release-macos-arm64 | 0.1.1 | 102.00 | NOTE | |||
r-release-macos-x86_64 | 0.1.1 | 130.00 | NOTE | |||
r-release-windows-x86_64 | 0.1.1 | 74.00 | 149.00 | 223.00 | NOTE | |
r-oldrel-macos-arm64 | 0.1.1 | 116.00 | NOTE | |||
r-oldrel-macos-x86_64 | 0.1.1 | 183.00 | NOTE | |||
r-oldrel-windows-x86_64 | 0.1.1 | 86.00 | 185.00 | 271.00 | NOTE |
Version: 0.1.1
Check: C++ specification
Result: NOTE
Specified C++11: please drop specification unless essential
Flavors: r-devel-linux-x86_64-debian-clang, r-devel-linux-x86_64-debian-gcc, r-devel-linux-x86_64-fedora-clang, r-devel-linux-x86_64-fedora-gcc, r-devel-windows-x86_64, r-patched-linux-x86_64, r-release-linux-x86_64, r-release-macos-arm64, r-release-macos-x86_64, r-release-windows-x86_64, r-oldrel-macos-arm64, r-oldrel-macos-x86_64, r-oldrel-windows-x86_64