Last updated on 2024-08-07 00:49:16 CEST.
Flavor | Version | Tinstall | Tcheck | Ttotal | Status | Flags |
---|---|---|---|---|---|---|
r-devel-linux-x86_64-debian-clang | 1.0 | 105.72 | 29.95 | 135.67 | OK | |
r-devel-linux-x86_64-debian-gcc | 1.0 | 67.05 | 22.80 | 89.85 | OK | |
r-devel-linux-x86_64-fedora-clang | 1.0 | 267.66 | OK | |||
r-devel-linux-x86_64-fedora-gcc | 1.0 | 275.27 | OK | |||
r-devel-windows-x86_64 | 1.0 | 107.00 | 74.00 | 181.00 | OK | |
r-patched-linux-x86_64 | 1.0 | 88.92 | 28.63 | 117.55 | OK | |
r-release-linux-x86_64 | 1.0 | 90.78 | 28.74 | 119.52 | OK | |
r-release-macos-arm64 | 1.0 | 56.00 | NOTE | |||
r-release-macos-x86_64 | 1.0 | 59.00 | NOTE | |||
r-release-windows-x86_64 | 1.0 | 107.00 | 76.00 | 183.00 | OK | |
r-oldrel-macos-arm64 | 1.0 | 70.00 | NOTE | |||
r-oldrel-macos-x86_64 | 1.0 | 80.00 | NOTE | |||
r-oldrel-windows-x86_64 | 1.0 | 128.00 | 81.00 | 209.00 | OK |
Version: 1.0
Check: installed package size
Result: NOTE
installed size is 5.7Mb
sub-directories of 1Mb or more:
libs 5.6Mb
Flavors: r-release-macos-arm64, r-release-macos-x86_64, r-oldrel-macos-arm64, r-oldrel-macos-x86_64